late the remainder when 781315 is divided by 897.
28
Calculate the remainder when 81172092 is divided by 27057345.
57
Calculate the remainder when 614141 is divided by 102.
101
Calculate the remainder when 223250623 is divided by 117.
115
What is the remainder when 62788847 is divided by 87?
77
What is the remainder when 6005121 is divided by 1501277?
13
Calculate the remainder when 13823049 is divided by 79902.
3
Calculate the remainder when 920313 is divided by 506.
405
What is the remainder when 118383161 is divided by 69?
68
Calculate the remainder when 28327882 is divided by 1677.
1675
Calculate the remainder when 641632 is divided by 145.
7
What is the remainder when 2344671 is divided by 781373?
552
What is the remainder when 1113434 is divided by 660?
14
Calculate the remainder when 2577394 is divided by 2251.
2250
What is the remainder when 202298 is divided by 1395?
23
Calculate the remainder when 1800378 is divided by 1027.
47
What is the remainder when 25476 is divided by 24796?
680
Calculate the remainder when 2946073 is divided by 13451.
304
What is the remainder when 14993794 is divided by 610?
604
Calculate the remainder when 187964 is divided by 106.
26
What is the remainder when 27625442 is divided by 28?
26
Calculate the remainder when 439597 is divided by 72.
37
Calculate the remainder when 179469 is divided by 616.
213
Calculate the remainder when 551285144 is divided by 6795.
6794
Calculate the remainder when 24332630 is divided by 82.
32
What is the remainder when 32856 is divided by 402?
294
What is the remainder when 292555837 is divided by 16?
13
Calculate the remainder when 41898674 is divided by 10474668.
2
Calculate the remainder when 215639 is divided by 2509.
2374
Calculate the remainder when 54858781 is divided by 152.
5
Calculate the remainder when 138886 is divided by 3879.
3121
What is the remainder when 1289105 is divided by 6544?
6481
Calculate the remainder when 140968 is divided by 5667.
4960
What is the remainder when 25088 is divided by 732?
200
What is the remainder when 79630 is divided by 39801?
28
Calculate the remainder when 66385 is divided by 190.
75
Calculate the remainder when 10728 is divided by 4807.
1114
Calculate the remainder when 312602 is divided by 27.
23
Calculate the remainder when 163824 is divided by 1248.
336
Calculate the remainder when 209189 is divided by 158.
155
Calculate the remainder when 35779 is divided by 210.
79
Calculate the remainder when 34525 is divided by 6.
1
What is the remainder when 330458 is divided by 111?
11
Calculate the remainder when 2699179 is divided by 1120.
1099
Calculate the remainder when 76370591 is divided by 707135.
11
What is the remainder when 5423129 is divided by 252?
89
What is the remainder when 1044857 is divided by 37315?
37
What is the remainder when 540177 is divided by 3180?
2757
Calculate the remainder when 37709182 is divided by 2776.
2774
What is the remainder when 18424 is divided by 9746?
8678
Calculate the remainder when 28817395 is divided by 14408694.
7
Calculate the remainder when 952023 is divided by 49.
2
Calculate the remainder when 2523325 is divided by 201.
172
What is the remainder when 1088480 is divided by 445?
10
What is the remainder when 1483596 is divided by 22?
4
What is the remainder when 123019748 is divided by 875?
873
What is the remainder when 1455223 is divided by 50180?
3
What is the remainder when 9028735 is divided by 17?
1
What is the remainder when 6130324 is divided by 647?
646
Calculate the remainder when 1542960 is divided by 514317.
9
Calculate the remainder when 171024 is divided by 3563.
0
Calculate the remainder when 27058 is divided by 1056.
658
Calculate the remainder when 284792 is divided by 71196.
8
Calculate the remainder when 16837985 is divided by 11.
10
What is the remainder when 94082 is divided by 4629?
1502
What is the remainder when 4709552 is divided by 277?
275
Calculate the remainder when 3781910 is divided by 1890935.
40
What is the remainder when 24244 is divided by 4463?
1929
What is the remainder when 1003885 is divided by 250903?
273
What is the remainder when 2185058 is divided by 10?
8
Calculate the remainder when 157389710 is divided by 136623.
14
Calculate the remainder when 30803270 is divided by 64.
6
Calculate the remainder when 28511 is divided by 9702.
9107
What is the remainder when 4932284 is divided by 822005?
254
Calculate the remainder when 1048122 is divided by 671.
20
What is the remainder when 3944102 is divided by 101?
52
Calculate the remainder when 20667 is divided by 6826.
189
What is the remainder when 502589 is divided by 167500?
89
Calculate the remainder when 81092 is divided by 81037.
55
Calculate the remainder when 280883 is divided by 1513.
978
Calculate the remainder when 269943 is divided by 754.
11
What is the remainder when 174937879 is divided by 409?
399
What is the remainder when 2081600 is divided by 4392?
4184
Calculate the remainder when 28702 is divided by 2814.
562
What is the remainder when 30820 is divided by 9828?
1336
What is the remainder when 1165012 is divided by 1382?
1368
Calculate the remainder when 9109143 is divided by 535831.
16
What is the remainder when 486458 is divided by 12800?
58
What is the remainder when 1944554 is divided by 100?
54
What is the remainder when 4399706 is divided by 67?
17
Calculate the remainder when 3585714 is divided by 1667.
1664
Calculate the remainder when 24870207 is divided by 2763354.
21
Calculate the remainder when 32325548 is divided by 133.
31
Calculate the remainder when 35381410 is divided by 3802.
3800
Calculate the remainder when 20550473 is divided by 275.
273
What is the remainder when 921157117 is divided by 712?
709
What is the remainder when 10693 is divided by 294?
109
What is the remainder when 57333068 is divided by 1911102?
8
Calculate the remainder when 61894293 is divided by 817.
7
What is the remainder when 43025675 is divided by 47?
42
What is the remainder when 17446802 is divided by 569?
124
What is the remainder when 208387 is divided by 23081?
658
Calculate the remainder when 68615 is divided by 2490.
1385
Calculate the remainder when 4066639 is divided by 10.
9
Calculate the remainder when 3284048 is divided by 1114.
1090
Calculate the remainder when 10127407 is divided by 45.
22
What is the remainder when 122568 is divided by 178?
104
Calculate the remainder when 9134932 is divided by 221.
118
Calculate the remainder when 11898429 is divided by 56.
53
What is the remainder when 33459 is divided by 6115?
2884
Calculate the remainder when 44970104 is divided by 725324.
16
Calculate the remainder when 33822 is divided by 7091.
5458
Calculate the remainder when 3927509 is divided by 266.
19
What is the remainder when 257094 is divided by 256499?
595
Calculate the remainder when 83966374 is divided by 133.
16
What is the remainder when 104383646 is divided by 335?
326
Calculate the remainder when 2726604 is divided by 2726599.
5
What is the remainder when 275529 is divided by 45885?
219
What is the remainder when 16175510 is divided by 2149?
2136
What is the remainder when 113889 is divided by 3924?
93
What is the remainder when 3083587 is divided by 1228?
79
What is the remainder when 27858863 is divided by 39?
32
Calculate the remainder when 64519 is divided by 64026.
493
What is the remainder when 202164 is divided by 394?
42
Calculate the remainder when 3953437 is divided by 493967.
1701
What is the remainder when 10801278 is divided by 56?
54
What is the remainder when 21886324 is divided by 462?
460
What is the remainder when 328048 is divided by 4556?
16
What is the remainder when 386221 is divided by 1725?
1546
Calculate the remainder when 21479363 is divided by 1994.
1989
What is the remainder when 2173286 is divided by 6318?
6212
What is the remainder when 60706 is divided by 30325?
56
Calculate the remainder when 5063 is divided by 44.
3
What is the remainder when 145565 is divided by 2764?
1837
Calculate the remainder when 13902621 is divided by 133.
131
What is the remainder when 166368 is divided by 566?
530
Calculate the remainder when 280844915 is divided by 44.
43
What is the remainder when 690346 is divided by 128?
42
What is the remainder when 1479